{"id":2886,"date":"2014-08-14T15:52:20","date_gmt":"2014-08-14T15:52:20","guid":{"rendered":"https:\/\/www.warmuseum.ca\/firstworldwar\/?page_id=2886"},"modified":"2015-03-25T14:02:28","modified_gmt":"2015-03-25T14:02:28","slug":"young-adults-age-15-and-up-non-fiction","status":"publish","type":"page","link":"https:\/\/www.warmuseum.ca\/firstworldwar\/ressources\/book-list\/young-adults-age-15-and-up-non-fiction\/","title":{"rendered":"Young Adults &#8211; Age 15 and Up: Non-Fiction"},"content":{"rendered":"<h3><i>Le 22e Bataillon (canadien-fran\u00e7ais), 1914-1919: \u00e9tude socio-militaire<\/i><\/h3>\n<p>Jean-Pierre Gagnon<br \/>\nQu\u00e9bec, QC: Presses de l&#8217;Universit\u00e9 Laval, 1986<\/p>\n<p><b>Description:<\/b>\u00a0Moving beyond conventional operational history, Gagnon examines the 22nd Battalion &#8211; the only French-speaking battalion in the Canadian Expeditionary Force &#8211; as a social and cultural microcosm of French-Canadian society.<\/p>\n<hr \/>\n<h3><i>Art at the Service of War: Canada, Art and the Great War<\/i><\/h3>\n<p>Maria Tippett<br \/>\nToronto, ON: University of Toronto Press, 1984<\/p>\n<p><b>Description:<\/b>\u00a0Tippett&#8217;s narrative describes the founding and initiatives of the Canadian War Art Memorial Fund, the institution responsible for commissioning some of Canada&#8217;s richest and most important wartime cultural legacies.<\/p>\n<hr \/>\n<h3><i>At the Sharp End: Canadians Fighting the Great War 1914-1916<\/i><\/h3>\n<p>Tim Cook<br \/>\nToronto, ON: Viking Canada, 2007<\/p>\n<p><b>Book Description<\/b>:\u00a0<i>At the Sharp End<\/i>\u00a0focuses on personal stories in covering the harrowing early battles of the First World War, when thousands died before generals and soldiers had found ways to break the terrible trench stalemate. It is an intimate look at Canadian soldiers in the trenches and an account of the slow evolution in tactics, weapons, and attitudes that led to an unbroken series of victories later in the war. It contains photographs, letters, diaries, and maps but has little material on the war at sea, in the air, or at home.<\/p>\n<hr \/>\n<h3><i>Barker VC: The Life, Death and Legend of Canada&#8217;s Most Decorated War Hero<\/i><\/h3>\n<p>Wayne Ralph<br \/>\nToronto, ON: Wiley, 2007<\/p>\n<p><b>Description:<\/b>\u00a0A photo-based book about the life of one of Canada&#8217;s premier flying aces from the First World War, William Barker, Canada&#8217;s most decorated war hero. He was awarded the Victoria Cross for a dogfight against several dozen German fighters in October 1918.<\/p>\n<hr \/>\n<h3><i>The Battle for Berlin, Ontario: An Historical Drama<\/i><\/h3>\n<p>William Rowley Chadwick<br \/>\nWaterloo, ON: Wilfrid Laurier University Press, 1992<\/p>\n<p><b>Description:<\/b>\u00a0Canadians tend to remember the First World War as a unifying experience for the Canadian nation. Yet Chadwick&#8217;s study of Berlin, Ontario (now Kitchener) reminds us that the war was also a highly divisive force, one capable of tearing local communities apart.<\/p>\n<hr \/>\n<h3><i>Billy Bishop: Canadian Hero<\/i><\/h3>\n<p>Dan McCaffery<br \/>\nHalifax, NS: James Lorimer &amp; Company, 2002<\/p>\n<p><b>Description:<\/b>\u00a0McCaffery examines the achievements of highly decorated First World War pilot Billy Bishop and the historical debates surrounding his number of &#8220;kills.&#8221; Bishop was the Allies&#8217; second-leading ace, but some of his fellow pilots suspected he may have exaggerated his number of &#8220;kills.&#8221;<\/p>\n<hr \/>\n<h3><i>But This is Our War<\/i><\/h3>\n<p>Grace Morris Craig<br \/>\nToronto, ON: University of Toronto Press, 1981<\/p>\n<p><b>Description:<\/b>\u00a0A useful companion to Sandra Gwyn&#8217;s\u00a0<i>A Tapestry of War<\/i>, Craig&#8217;s memoir describes the experience of just one Canadian family, from Pembroke, Ontario, but it is a story that was repeated in countless other large and small communities across the country.<\/p>\n<hr \/>\n<h3><i>Canada and the Battle of Vimy Ridge, 8-12 April 1917<\/i><\/h3>\n<p>Brereton Greenhous and Stephen Harris<br \/>\nOttawa, ON: Canada Communication Group, 1992<\/p>\n<p><b>Description:<\/b>\u00a0Greenhous and Harris&#8217;s large format illustrated history serves as a useful point of departure for a more detailed understanding of the battle that has captured the national imagination more than any other operation of the First World War.<\/p>\n<p>Also available under the French title: <b><i>Le Canada et la bataille de Vimy, 9-12 avril, 1917<\/i><\/b><\/p>\n<hr \/>\n<h3><i>Canadian Brass: The Making of a Professional Army, 1860-1939<\/i><\/h3>\n<p>Stephen Harris<br \/>\nToronto: University of Toronto Press, 1988<\/p>\n<p><b>Description:<\/b>\u00a0Although covering a much broader period than the First World War itself, Harris&#8217;s discussion of Canadian military culture during the second half of the nineteenth century provides important context for understanding Canada&#8217;s military response to the First World War.<\/p>\n<hr \/>\n<h3><i>The Canadian Corps in World War I<\/i><\/h3>\n<p>By Rene Chartrand<br \/>\nIllustrated by Gerry Embleton<br \/>\nOxford, UK: Osprey Publishing, 2007<\/p>\n<p><b>Description:<\/b>\u00a0This book&#8217;s meticulous illustrations and photographs depict the uniforms and equipment used by Canadian soldiers during the First World War. It also contains a complete list of units and their service records. It is an excellent reference book for older students, hobbyists, or modelers.<\/p>\n<hr \/>\n<h3><i>Canadian Expeditionary Force, 1914-1919: The Official History of the Canadian Army in the First World War<\/i><\/h3>\n<p>G.W.L. Nicholson<br \/>\nOttawa, ON: Queen&#8217;s Printer, 1962<\/p>\n<p><b>Description:<\/b>\u00a0As the only complete Canadian official history of the war to be published, Nicholson&#8217;s volume serves as the first point of reference for historians and general readers alike. The narrative is concise and well balanced, while the colour maps excellently detail Canada&#8217;s most important battles.<\/p>\n<hr \/>\n<h3><i>Death So Noble: Memory, Meaning, and the First World War<\/i><\/h3>\n<p>Jonathan Vance<br \/>\nVancouver, BC: UBC Press, 1997<\/p>\n<p><b>Description<\/b>: Vance&#8217;s study of Canadian memory between the wars breaks new ground in the field, forcing today&#8217;s historians to rethink longstanding impressions of Canadian attitudes during the postwar period. Vance shows that during the 1920s and 1930s Canadians continued to find positive meaning in the war experience, as expressed through poetry, commemorative monuments, and rituals.<\/p>\n<hr \/>\n<h3><i>The Fighting Newfoundlander<\/i><\/h3>\n<p>G.W.L. Nicholson<br \/>\nMontreal, QC: McGill-Queen&#8217;s University Press, 2006 (reprint)<\/p>\n<p><b>Description:<\/b>\u00a0A comprehensive military history of Newfoundland from 1700s to 1918, focusing on the Newfoundland Regiment during the First World War. It is the standard reference on Newfoundland&#8217;s role in the war.<\/p>\n<hr \/>\n<h3><i>Fight or Pay: Soldiers&#8217; Families in the Great War<\/i><\/h3>\n<p>Desmond Morton<br \/>\nVancouver, BC: UBC Press, 2004<\/p>\n<p><b>Description:<\/b>\u00a0Soldiers could not be expected to risk their lives without assurances that their families would be taken care of at home. The &#8216;separation allowance&#8217; represented one such effort, but Canadians demanded more. As Morton explains, any man who did not volunteer to fight at the front must instead pay for the war from home. Morton&#8217;s study makes an excellent companion to Sandra Gwyn&#8217;s\u00a0<i>Tapestry of War<\/i>.<\/p>\n<hr \/>\n<h3><i>General Sir Arthur Currie: A Military Biography<\/i><\/h3>\n<p>A.M.J. Hyatt<br \/>\nToronto, ON: University of Toronto Press, 1987<\/p>\n<p><b>Description:<\/b>\u00a0Canada&#8217;s best-known First World War general has been the subject of three biographies, but Hyatt&#8217;s work drives to the heart of Currie&#8217;s military career, focusing on battlefield victories, as well as the commander&#8217;s more controversial decisions.<\/p>\n<hr \/>\n<h3><i>Ghosts Have Warm Hands<\/i><\/h3>\n<p>Will R. Bird<br \/>\nNepean, ON: CEF Books, 1997<\/p>\n<p><b>Description:<\/b>\u00a0This memoir, originally published in 1930, recounts the personal experiences of Will Bird who fought with the 42nd Battalion during the First World War. Bird&#8217;s brother, Steve, also served in the war, and once promised if killed, he would find a way to come back and watch over Will. Steve was killed in France in 1915 and kept his word, appearing to Will several times during the war.<\/p>\n<hr \/>\n<h3><i>The Halifax Explosion and the Royal Canadian Navy<\/i><\/h3>\n<p>John Griffith Armstrong<br \/>\nVancouver, BC: UBC Press, 2002<\/p>\n<p><b>Description:<\/b>\u00a0Armstrong&#8217;s narrative of the catastrophic 1917 Halifax explosion makes excellent use of eyewitness accounts. Arguing that the nascent Royal Canadian Navy was unfairly vilified for its role in the disaster, Armstrong refocuses blame on the federal government.<\/p>\n<hr \/>\n<h3><i>The Harvests of War: The Prairie West, 1914-1918<\/i><\/h3>\n<p>John Herd Thompson<br \/>\nToronto, ON: McClelland &amp; Stewart, 1978<\/p>\n<p><b>Description:<\/b>\u00a0The First World War impacted Canadian regions in different ways. Immediately before the war, Canada&#8217;s prairie provinces were troubled by economic recession, unemployment, and the tensions that accompanied the arrival of masses of immigrants from Eastern Europe. Thompson places these issues in a wartime context, tracing the conflict&#8217;s longer term impact on a key Canadian region.<\/p>\n<hr \/>\n<h3><i>It Made You Think of Home: The Haunting Journal of Deward Barnes, CEF, 1916-1919<\/i><\/h3>\n<p>Bruce Cane<br \/>\nToronto, ON: Dundurn Press, 2004<\/p>\n<p><b>Description:<\/b>\u00a0Deward Barnes enlisted in the CEF in 1916 at the age of 28 and served in France. Cane annotates Barnes&#8217; diary entries, contributing half of the text to this sometimes funny but harrowing book.<\/p>\n<hr \/>\n<h3><i>Marching to Armageddon: Canadians and the Great War, 1914-1919<\/i><\/h3>\n<p>Desmond Morton and J.L. Granatstein<br \/>\nToronto, ON: Lester &amp; Orpen Dennys, 1989<\/p>\n<p><b>Description:<\/b>\u00a0This readable, illustrated volume is a detailed, popular account of Canada&#8217;s war at home and overseas. Written by two of Canada&#8217;s best-known historians, it contains useful appendices on social issues, casualties, and the Canadian military&#8217;s order of battle.<\/p>\n<hr \/>\n<h3><i>Medicine and Duty: The World War Memoir of Captain Harold W. McGill Medical Officer 31st Battalion C.E.F.<\/i><\/h3>\n<p>Marjory Barron Norris, Editor<br \/>\nCalgary, AB: University of Calgary Press, 2007<\/p>\n<p><b>Description:<\/b>\u00a0The diary of medical officer Harold McGill is supplemented by photographs, maps, and excerpts of letters written by McGill to his friends and family from the trenches. Norris edited the original manuscript and added explanatory notes, maps, and excerpts from McGill&#8217;s letters to friends and family.<\/p>\n<hr \/>\n<h3><i>A Military History of Canada: From Champlain to Kosovo<\/i><\/h3>\n<p>Desmond Morton<br \/>\nToronto, ON: McClelland &amp; Stewart, 1999<\/p>\n<p><b>Description:<\/b>\u00a0Morton&#8217;s concise survey of the Canadian military experience is a highly accessible work that provides excellent context for further study of the First World War period.<\/p>\n<hr \/>\n<h3><i>The Official History of the Royal Canadian Air Force, Volume I<\/i><\/h3>\n<p>S.F. Wise<br \/>\nToronto, ON: University of Toronto Press, 1980<\/p>\n<p><b>Description:<\/b>\u00a0This first volume of the official history of Canada&#8217;s air force recounts the experiences of First World War Canadian pilots serving with the British flying services before Canada created its own national air force in 1924.<\/p>\n<hr \/>\n<h3><i>One Village, One War: 1914-1945<\/i><\/h3>\n<p>Douglas How<br \/>\nHuntsport, NS: Lancelot Press, 1995<\/p>\n<p><b>Description:<\/b><i>One Village, One War<\/i>\u00a0describes the experiences of residents of Dorchester, New Brunswick during both world wars and includes accounts from both soldiers and civilians.<\/p>\n<hr \/>\n<h3><i>Ontario and the First World War, 1914-1918: A Collection of Documents<\/i><\/h3>\n<p>Barbara Wilson<br \/>\nToronto, ON: University of Toronto Press, 1977<\/p>\n<p><b>Description:<\/b>\u00a0As a national archivist, Barbara Wilson has significantly facilitated our access to First World War-era primary sources. Prefaced by Wilson&#8217;s comprehensive introduction, this collection of primary documents sheds light on the increasing role that the government came to play in the lives of ordinary Ontarians during the war years.<\/p>\n<hr \/>\n<h3><i>Sam Hughes: The Public Career of a Controversial Canadian, 1885-1916<\/i><\/h3>\n<p>Ronald Haycock<br \/>\nWaterloo, ON: Wilfrid Laurier University Press, 1986<\/p>\n<p><b>Description:<\/b>\u00a0As Minister of Militia and Defence from 1911 through 1916, Sam Hughes remains one of Canada&#8217;s most colourful and controversial characters of the First World War period. Haycock&#8217;s comprehensive study of Hughes&#8217;s public career sheds much light on the often bizarre tendencies of a highly outspoken Canadian patriot.<\/p>\n<hr \/>\n<h3><i>Tapestry of War: A Private View of Canadians in the Great War<\/i><\/h3>\n<p>Sandra Gwyn<br \/>\nToronto, ON: Harper, 2004<\/p>\n<p><b>Description:<\/b>\u00a0Gwyn&#8217;s work weaves together the stories of ten Canadians (three women and seven men) at war. The book&#8217;s asymmetrical style reminds readers that the war changed Canadians&#8217; lives unevenly and unforeseeably.<\/p>\n<hr \/>\n<h3><i>We Are the Dead<\/i><\/h3>\n<p>Larry Gray<br \/>\nBurnstown, ON: General Store Publishing, 2000<\/p>\n<p><b>Description:<\/b>\u00a0Using letters, photographs, and newspaper articles,\u00a0<i>We Are the Dead<\/i>\u00a0highlights the stories of 47 people from a small Ontario town who died in the First World War. Maps illustrate the activities of the Canadian Corps overseas.<\/p>\n<hr \/>\n<h3><i>When Your Number&#8217;s Up: The Canadian Soldier in the First World War<\/i><\/h3>\n<p>Desmond Morton<br \/>\nToronto, ON: Vintage Canada, 1994<\/p>\n<p><b>Description:<\/b>\u00a0This is a unique illustrated social history of the First World War as experienced by Canadian soldiers. Morton describes the social origins of Canada&#8217;s troops, their training and preparation for combat, the trenches and the experiences of the wounded, prisoners and returning veterans. Morton also offers an account, based on personal memoirs and letters, of the Canadian Corps&#8217; tactical evolution and improvement, and concludes with a short statistical profile of the Canadian Expeditionary Force.<\/p>\n<hr \/>\n<h3><i>Surviving Trench Warfare: Technology and the Canadian Corps, 1914-1918<\/i><\/h3>\n<p>Bill Rawling<br \/>\nToronto, ON: University of Toronto Press, 1992<\/p>\n<p><b>Description:<\/b>\u00a0This examination of the evolution of tactics and technology in the Canadian Corps on the Western Front is based on thorough archival research. Rawling demonstrates the roles that combat experience and dedicated study played in transforming the Corps into a highly efficient fighting formation.<\/p>\n","protected":false},"excerpt":{"rendered":"<p>Le 22e Bataillon (canadien-fran\u00e7ais), 1914-1919: \u00e9tude socio-militaire Jean-Pierre Gagnon Qu\u00e9bec, QC: Presses de l&#8217;Universit\u00e9 Laval, 1986 Description:\u00a0Moving beyond conventional operational history, Gagnon examines the 22nd Battalion &#8211; the only French-speaking battalion in the Canadian Expeditionary Force &#8211; as a social and cultural microcosm of French-Canadian society. Art at the Service of War: Canada, Art and [&hellip;]<\/p>\n","protected":false},"author":1,"featured_media":0,"parent":2874,"menu_order":5,"comment_status":"open","ping_status":"open","template":"single-ressource.php","meta":{"footnotes":""},"_links":{"self":[{"href":"https:\/\/www.warmuseum.ca\/firstworldwar\/wp-json\/wp\/v2\/pages\/2886"}],"collection":[{"href":"https:\/\/www.warmuseum.ca\/firstworldwar\/wp-json\/wp\/v2\/pages"}],"about":[{"href":"https:\/\/www.warmuseum.ca\/firstworldwar\/wp-json\/wp\/v2\/types\/page"}],"author":[{"embeddable":true,"href":"https:\/\/www.warmuseum.ca\/firstworldwar\/wp-json\/wp\/v2\/users\/1"}],"replies":[{"embeddable":true,"href":"https:\/\/www.warmuseum.ca\/firstworldwar\/wp-json\/wp\/v2\/comments?post=2886"}],"version-history":[{"count":4,"href":"https:\/\/www.warmuseum.ca\/firstworldwar\/wp-json\/wp\/v2\/pages\/2886\/revisions"}],"predecessor-version":[{"id":3563,"href":"https:\/\/www.warmuseum.ca\/firstworldwar\/wp-json\/wp\/v2\/pages\/2886\/revisions\/3563"}],"up":[{"embeddable":true,"href":"https:\/\/www.warmuseum.ca\/firstworldwar\/wp-json\/wp\/v2\/pages\/2874"}],"wp:attachment":[{"href":"https:\/\/www.warmuseum.ca\/firstworldwar\/wp-json\/wp\/v2\/media?parent=2886"}],"curies":[{"name":"wp","href":"https:\/\/api.w.org\/{rel}","templated":true}]}}