{"id":102,"date":"2012-10-23T15:48:30","date_gmt":"2012-10-23T15:48:30","guid":{"rendered":"https:\/\/www.warmuseum.ca\/war-of-1812\/?page_id=102"},"modified":"2012-12-04T17:37:29","modified_gmt":"2012-12-04T17:37:29","slug":"1812mcg","status":"publish","type":"page","link":"https:\/\/www.warmuseum.ca\/war-of-1812\/1812mcg\/","title":{"rendered":"1812@MCG"},"content":{"rendered":"<p><em>\u00ab\u00a0Le 200e anniversaire de la guerre de 1812 constitue pour les Canadiens l\u2019occasion id\u00e9ale de revoir cette \u00e9poque charni\u00e8re de notre histoire nationale, et nous sommes fiers de comm\u00e9morer cet \u00e9v\u00e9nement historique. L\u2019exposition\u00a01812 offre \u00e0 toute la population canadienne la chance d\u2019en apprendre davantage sur ce conflit aux multiples facettes qui a infl\u00e9chi la destin\u00e9e du Canada en l\u2019amenant \u00e0 se constituer en \u00c9tat.\u00a0\u00bb<\/em><\/p>\n<p><strong>\u2014 Mark O\u2019Neill, pr\u00e9sident-directeur g\u00e9n\u00e9ral de la Soci\u00e9t\u00e9 du Mus\u00e9e canadien des civilisations, responsable du Mus\u00e9e canadien de la guerre.<\/strong><\/p>\n<div class=\"accordion\">\n<h2>Exposition sp\u00e9ciale sur 1812, Ottawa<\/h2>\n<div class=\"accordionPane\">Pr\u00e9sent\u00e9e au Mus\u00e9e, \u00e0 Ottawa, cette exposition sp\u00e9ciale, innovatrice, de 650 m\u00b2, 1812, explore le conflit du point de vue des quatre principaux participants : les Canadiens, les Am\u00e9ricains, les Britanniques et les Autochtones am\u00e9ricains. Commandit\u00e9e par le commanditaire pr\u00e9sentateur national, le Groupe Banque TD, et le commanditaire associ\u00e9, Ancestry.ca, elle est accessible au public depuis le 13 juin 2012 et le sera jusqu\u2019au 6 janvier 2013. Pr\u00e9sentant plus de 120 art\u00e9facts tir\u00e9s des collections d\u2019\u00e9tablissements de l\u2019Am\u00e9rique du Nord et du Royaume-Uni, cette approche dynamique et sans pr\u00e9c\u00e9dent offre aux visiteurs une compr\u00e9hension accrue de cette guerre, de ses causes et de ses r\u00e9percussions.<\/p>\n<ul class=\"gal\">\n<li>\n<p><div id=\"attachment_1854\" style=\"width: 158px\" class=\"wp-caption alignnone\"><a class=\"gal\" href=\"https:\/\/www.warmuseum.ca\/war-of-1812\/files\/2012\/11\/5-GR01-CWM2012-0044-0001-Dm.jpg\"><img loading=\"lazy\" decoding=\"async\" aria-describedby=\"caption-attachment-1854\" class=\"size-Inline Gallery Thumbnails wp-image-1854\" title=\"Introduction, 1812\" src=\"https:\/\/www.warmuseum.ca\/war-of-1812\/files\/2012\/11\/5-GR01-CWM2012-0044-0001-Dm-148x98.jpg\" alt=\"Introduction, 1812\" width=\"148\" height=\"98\" \/><\/a><p id=\"caption-attachment-1854\" class=\"wp-caption-text\">Introduction, 1812<\/p><\/div><\/li>\n<li>\n<p><div id=\"attachment_1855\" style=\"width: 158px\" class=\"wp-caption alignnone\"><a class=\"gal\" href=\"https:\/\/www.warmuseum.ca\/war-of-1812\/files\/2012\/11\/5-GR02-CWM2012-0044-0002-Dm.jpg\"><img loading=\"lazy\" decoding=\"async\" aria-describedby=\"caption-attachment-1855\" class=\"size-Inline Gallery Thumbnails wp-image-1855\" title=\"Le carrefour, 1812\" src=\"https:\/\/www.warmuseum.ca\/war-of-1812\/files\/2012\/11\/5-GR02-CWM2012-0044-0002-Dm-148x98.jpg\" alt=\"Le carrefour, 1812\" width=\"148\" height=\"98\" \/><\/a><p id=\"caption-attachment-1855\" class=\"wp-caption-text\">Le carrefour, 1812<\/p><\/div><\/li>\n<li>\n<p><div id=\"attachment_1856\" style=\"width: 158px\" class=\"wp-caption alignnone\"><a class=\"gal\" href=\"https:\/\/www.warmuseum.ca\/war-of-1812\/files\/2012\/11\/5-GR03-CWM2012-0044-0005-Dm.jpg\"><img loading=\"lazy\" decoding=\"async\" aria-describedby=\"caption-attachment-1856\" class=\" Gallery Thumbnails wp-image-1856\" title=\"La guerre des Britanniques, 1812\" src=\"https:\/\/www.warmuseum.ca\/war-of-1812\/files\/2012\/11\/5-GR03-CWM2012-0044-0005-Dm-148x98.jpg\" alt=\"La guerre des Britanniques, 1812\" width=\"148\" height=\"98\" \/><\/a><p id=\"caption-attachment-1856\" class=\"wp-caption-text\">La guerre des Britanniques, 1812<\/p><\/div><\/li>\n<li>\n<p><div id=\"attachment_1857\" style=\"width: 158px\" class=\"wp-caption alignnone\"><a class=\"gal\" href=\"https:\/\/www.warmuseum.ca\/war-of-1812\/files\/2012\/11\/5-GR04-CWM2012-0044-0004-Dm.jpg\"><img loading=\"lazy\" decoding=\"async\" aria-describedby=\"caption-attachment-1857\" class=\"size-Inline Gallery Thumbnails wp-image-1857\" title=\"La guerre des Canadiens, 1812\" src=\"https:\/\/www.warmuseum.ca\/war-of-1812\/files\/2012\/11\/5-GR04-CWM2012-0044-0004-Dm-148x98.jpg\" alt=\"La guerre des Canadiens, 1812\" width=\"148\" height=\"98\" srcset=\"https:\/\/www.warmuseum.ca\/war-of-1812\/files\/2012\/11\/5-GR04-CWM2012-0044-0004-Dm-148x98.jpg 148w, https:\/\/www.warmuseum.ca\/war-of-1812\/files\/2012\/11\/5-GR04-CWM2012-0044-0004-Dm-300x196.jpg 300w, https:\/\/www.warmuseum.ca\/war-of-1812\/files\/2012\/11\/5-GR04-CWM2012-0044-0004-Dm.jpg 800w\" sizes=\"(max-width: 148px) 100vw, 148px\" \/><\/a><p id=\"caption-attachment-1857\" class=\"wp-caption-text\">La guerre des Canadiens, 1812<\/p><\/div><\/li>\n<li>\n<p><div id=\"attachment_1858\" style=\"width: 158px\" class=\"wp-caption alignnone\"><a class=\"gal\" href=\"https:\/\/www.warmuseum.ca\/war-of-1812\/files\/2012\/11\/5-GR05-CWM2012-0044-0003-Dm.jpg\"><img loading=\"lazy\" decoding=\"async\" aria-describedby=\"caption-attachment-1858\" class=\"size-Inline Gallery Thumbnails wp-image-1858\" title=\"Zone d\u2019activit\u00e9s, 1812\" src=\"https:\/\/www.warmuseum.ca\/war-of-1812\/files\/2012\/11\/5-GR05-CWM2012-0044-0003-Dm-148x98.jpg\" alt=\"Zone d\u2019activit\u00e9s, 1812\" width=\"148\" height=\"98\" \/><\/a><p id=\"caption-attachment-1858\" class=\"wp-caption-text\">Zone d\u2019activit\u00e9s, 1812<\/p><\/div><\/li>\n<li>\n<p><div id=\"attachment_1951\" style=\"width: 158px\" class=\"wp-caption alignnone\"><a href=\"https:\/\/www.warmuseum.ca\/war-of-1812\/files\/2012\/10\/5-GR06-CWM2012-0048-0014-Dm.jpg\"><img loading=\"lazy\" decoding=\"async\" aria-describedby=\"caption-attachment-1951\" class=\"size-Inline Gallery Thumbnails wp-image-1951\" title=\"La guerre des Autochtones am\u00e9ricains\" src=\"https:\/\/www.warmuseum.ca\/war-of-1812\/files\/2012\/10\/5-GR06-CWM2012-0048-0014-Dm-148x98.jpg\" alt=\"La guerre des Autochtones am\u00e9ricains\" width=\"148\" height=\"98\" \/><\/a><p id=\"caption-attachment-1951\" class=\"wp-caption-text\">La guerre des Autochtones am\u00e9ricains<\/p><\/div><\/li>\n<li>\n<p><div id=\"attachment_1951\" style=\"width: 158px\" class=\"wp-caption alignnone\"><a href=\"https:\/\/www.warmuseum.ca\/war-of-1812\/files\/2012\/11\/5-GR07-CWM2012-0048-0035-Dm.jpg\"><img loading=\"lazy\" decoding=\"async\" aria-describedby=\"caption-attachment-1951\" class=\"size-Inline Gallery Thumbnails wp-image-1951\" title=\"La guerre des Am\u00e9ricains\" src=\"https:\/\/www.warmuseum.ca\/war-of-1812\/files\/2012\/11\/5-GR07-CWM2012-0048-0035-Dm-thumb.jpg\" alt=\"La guerre des Am\u00e9ricains\" width=\"148\" height=\"98\" \/><\/a><p id=\"caption-attachment-1951\" class=\"wp-caption-text\">La guerre des Am\u00e9ricains<\/p><\/div><\/li>\n<\/ul>\n<\/div>\n<h2>Expositions itin\u00e9rantes 1812<\/h2>\n<div class=\"accordionPane\"> Cr\u00e9\u00e9es pour souligner un peu partout au Canada l\u2019histoire dramatique de la Guerre de 1812 et de ses r\u00e9percussions, deux versions itin\u00e9rantes de l\u2019exposition 1812 explorent le conflit du point de vue de ses quatre principaux protagonistes : les Canadiens, les Am\u00e9ricains, les Britanniques et les Autochtones am\u00e9ricains. Les deux versions sont appuy\u00e9es par le commanditaire pr\u00e9sentateur national, le Groupe Banque TD, et le commanditaire associ\u00e9, Ancestry.ca. Pour en savoir plus sur ces expositions itin\u00e9rantes, sur leurs dates et leurs destinations, consultez : <a href=\"https:\/\/www.museedelaguerre.ca\/event\/1812-1\">https:\/\/www.museedelaguerre.ca\/event\/1812-1<\/a><\/p>\n<ul class=\"gal\">\n<li>\n<p><div id=\"attachment_1951\" style=\"width: 158px\" class=\"wp-caption alignnone\"><a href=\"https:\/\/www.warmuseum.ca\/war-of-1812\/files\/2012\/11\/5-GR08-2D-Show.jpg\"><img loading=\"lazy\" decoding=\"async\" aria-describedby=\"caption-attachment-1951\" class=\"size-Inline Gallery Thumbnails wp-image-1951\" title=\"Expositions itin\u00e9rantes 1812\" src=\"https:\/\/www.warmuseum.ca\/war-of-1812\/files\/2012\/11\/5-GR08-2D-Show-thumb.jpg\" alt=\"Expositions itin\u00e9rantes 1812\" width=\"148\" height=\"98\" \/><\/a><p id=\"caption-attachment-1951\" class=\"wp-caption-text\">Expositions itin\u00e9rantes 1812<\/p><\/div><\/li>\n<li>\n<p><div id=\"attachment_1951\" style=\"width: 158px\" class=\"wp-caption alignnone\"><a href=\"https:\/\/www.warmuseum.ca\/war-of-1812\/files\/2012\/11\/5-GR09-2D-Show.jpg\"><img loading=\"lazy\" decoding=\"async\" aria-describedby=\"caption-attachment-1951\" class=\"size-Inline Gallery Thumbnails wp-image-1951\" title=\"Expositions itin\u00e9rantes 1812\" src=\"https:\/\/www.warmuseum.ca\/war-of-1812\/files\/2012\/11\/5-GR09-2D-Show-thumb.jpg\" alt=\"Expositions itin\u00e9rantes 1812\" width=\"148\" height=\"98\" \/><\/a><p id=\"caption-attachment-1951\" class=\"wp-caption-text\">Expositions itin\u00e9rantes 1812<\/p><\/div><\/li>\n<li>\n<p><div style=\"width: 158px\" class=\"wp-caption alignnone\"><a class=\"youtube\" href=\"https:\/\/www.youtube.com\/embed\/odg4NTYeu4g?feature=player_embedded\"><img loading=\"lazy\" decoding=\"async\" class=\"page-image\" title=\"Dans les coulisses de l'exposition 1812\" src=\"https:\/\/www.warmuseum.ca\/war-of-1812\/files\/2012\/11\/making-of.jpg\" alt=\"Dans les coulisses de l'exposition 1812\" width=\"148\" height=\"98\" \/><\/a><p class=\"wp-caption-text\">Dans les coulisses de l&#39;exposition 1812<\/p><\/div><\/li>\n<\/ul>\n<\/div>\n<h2>Les quatre guerres de 1812<\/h2>\n<div class=\"accordionPane\">Publi\u00e9 le 30 mai 2012 et co\u00e9dit\u00e9 par Douglas &amp; McIntyre, le catalogue intitul\u00e9 Les quatre guerres de 1812, compl\u00e9ment \u00e0 l\u2019exposition, d\u00e9crit le conflit selon quatre points de vue. Son auteur, l\u2019historien Peter MacLeod, historien pr\u00e9-Conf\u00e9d\u00e9ration au Mus\u00e9e canadien de la guerre. Cette traduction est l\u2019un des rares ouvrages parus en fran\u00e7ais sur ce conflit.<\/p>\n<ul class=\"gal\">\n<li>\n<p><div id=\"attachment_1962\" style=\"width: 158px\" class=\"wp-caption alignnone\"><a href=\"https:\/\/www.warmuseum.ca\/war-of-1812\/files\/2012\/10\/5-GR12-4W-300-F.jpg\"><img loading=\"lazy\" decoding=\"async\" aria-describedby=\"caption-attachment-1962\" class=\"size-Inline Gallery Thumbnails wp-image-1962\" title=\"Les quatre guerres de 1812\" src=\"https:\/\/www.warmuseum.ca\/war-of-1812\/files\/2012\/10\/5-GR12-4W-300-F-148x98.jpg\" alt=\"Les quatre guerres de 1812\" width=\"148\" height=\"98\" \/><\/a><p id=\"caption-attachment-1962\" class=\"wp-caption-text\">Les quatre guerres de 1812<\/p><\/div><\/li>\n<\/ul>\n<\/div>\n<h2>Visages de 1812<\/h2>\n<div class=\"accordionPane\">Le Mus\u00e9e canadien de la guerre est en outre heureux de pr\u00e9senter, en marge de <strong>1812<\/strong>, une autre exposition, <strong>Visages de 1812<\/strong>, cr\u00e9\u00e9e par Biblioth\u00e8que et Archives Canada et consacr\u00e9e \u00e0 la dimension humaine du conflit. Install\u00e9e dans le couloir adjacent \u00e0 la salle principale, cette exposition compl\u00e9mentaire r\u00e9unit de nombreux portraits tir\u00e9s de la collection de Biblioth\u00e8que et Archives Canada ainsi que des art\u00e9facts et des \u0153uvres d\u2019art illustrant des sc\u00e8nes de la vie militaire et de la vie quotidienne.<\/p>\n<ul class=\"gal\">\n<li>\n<p><div id=\"attachment_1957\" style=\"width: 158px\" class=\"wp-caption alignnone\"><a href=\"https:\/\/www.warmuseum.ca\/war-of-1812\/files\/2012\/10\/5-GR13-e010934131.jpg\"><img loading=\"lazy\" decoding=\"async\" aria-describedby=\"caption-attachment-1957\" class=\"size-Inline Gallery Thumbnails wp-image-1957\" title=\"Visages de 1812\" src=\"https:\/\/www.warmuseum.ca\/war-of-1812\/files\/2012\/10\/5-GR13-e010934131-148x98.jpg\" alt=\"Visages de 1812\" width=\"148\" height=\"98\" \/><\/a><p id=\"caption-attachment-1957\" class=\"wp-caption-text\">Visages de 1812<\/p><\/div><\/li>\n<\/ul>\n<p>L\u2019exposition <strong>Visages de 1812<\/strong> est pr\u00e9sent\u00e9e au Mus\u00e9e canadien de la guerre, \u00e0 Ottawa, depuis le 13 juin 2012 et le sera jusqu\u2019au 6 janvier 2013.<\/p>\n<\/div>\n<\/div>\n","protected":false},"excerpt":{"rendered":"<p>\u00ab\u00a0Le 200e anniversaire de la guerre de 1812 constitue pour les Canadiens l\u2019occasion id\u00e9ale de revoir cette \u00e9poque charni\u00e8re de notre histoire nationale, et nous sommes fiers de comm\u00e9morer cet \u00e9v\u00e9nement historique. L\u2019exposition\u00a01812 offre \u00e0 toute la population canadienne la chance d\u2019en apprendre davantage sur ce conflit aux multiples facettes qui a infl\u00e9chi la destin\u00e9e [&hellip;]<\/p>\n","protected":false},"author":1,"featured_media":0,"parent":0,"menu_order":5,"comment_status":"open","ping_status":"open","template":"","meta":{"footnotes":""},"_links":{"self":[{"href":"https:\/\/www.warmuseum.ca\/war-of-1812\/wp-json\/wp\/v2\/pages\/102"}],"collection":[{"href":"https:\/\/www.warmuseum.ca\/war-of-1812\/wp-json\/wp\/v2\/pages"}],"about":[{"href":"https:\/\/www.warmuseum.ca\/war-of-1812\/wp-json\/wp\/v2\/types\/page"}],"author":[{"embeddable":true,"href":"https:\/\/www.warmuseum.ca\/war-of-1812\/wp-json\/wp\/v2\/users\/1"}],"replies":[{"embeddable":true,"href":"https:\/\/www.warmuseum.ca\/war-of-1812\/wp-json\/wp\/v2\/comments?post=102"}],"version-history":[{"count":24,"href":"https:\/\/www.warmuseum.ca\/war-of-1812\/wp-json\/wp\/v2\/pages\/102\/revisions"}],"predecessor-version":[{"id":2405,"href":"https:\/\/www.warmuseum.ca\/war-of-1812\/wp-json\/wp\/v2\/pages\/102\/revisions\/2405"}],"wp:attachment":[{"href":"https:\/\/www.warmuseum.ca\/war-of-1812\/wp-json\/wp\/v2\/media?parent=102"}],"curies":[{"name":"wp","href":"https:\/\/api.w.org\/{rel}","templated":true}]}}