{"id":414,"date":"2012-10-31T19:44:29","date_gmt":"2012-10-31T19:44:29","guid":{"rendered":"https:\/\/www.warmuseum.ca\/war-of-1812\/?page_id=414"},"modified":"2012-11-27T03:57:54","modified_gmt":"2012-11-27T03:57:54","slug":"lentree-en-guerre","status":"publish","type":"page","link":"https:\/\/www.warmuseum.ca\/war-of-1812\/explorez-histoire\/la-guerre-des-americains\/lentree-en-guerre\/","title":{"rendered":"L\u2019entr\u00e9e en guerre"},"content":{"rendered":"<p>Les dirigeants am\u00e9ricains qui pr\u00f4naient la guerre \u00e9voquaient le besoin de prot\u00e9ger la souverainet\u00e9, l\u2019\u00e9conomie et le territoire des \u00c9tats-Unis contre les agressions de la Grande-Bretagne. Ces \u00ab faucons \u00bb esp\u00e9raient ainsi pousser la Grande-Bretagne \u00e0 abolir trois pratiques qui mena\u00e7aient les \u00c9tats-Unis.<\/p>\n<ul>\n<li>Le maintien des relations entre les Britanniques et les Autochtones am\u00e9ricains oppos\u00e9s \u00e0 l\u2019expansion vers l\u2019Ouest.<\/li>\n<li>Les r\u00e8glements des Britanniques visant le contr\u00f4le du commerce am\u00e9ricain avec l\u2019Europe, et utilis\u00e9s comme moyens dans leur guerre contre la France de Napol\u00e9on.<\/li>\n<li>Les abordages, par la Royal Navy, de navires am\u00e9ricains pour y chercher des sujets britanniques et les forcer \u00e0 servir dans ses rangs.<\/li>\n<\/ul>\n<div class=\"grid-row\">\n<div class=\"grid grid_4\">\n<a class=\"war-content\" title=\"Conflit aux fronti\u00e8res\" href=\"https:\/\/www.warmuseum.ca\/war-of-1812\/content_assets\/conflit-aux-frontieres\/\"><img loading=\"lazy\" decoding=\"async\" class=\"size-full page-image wp-image-954\" title=\"Une sc\u00e8ne sur les terres de colonisation illustrant la fa\u00e7on de faire des Britanniques \u00ab\u00a0humanitaires \u00bb et de leurs \u00ab\u00a0valeureux \u00bb alli\u00e9s \" src=\"https:\/\/www.warmuseum.ca\/war-of-1812\/files\/2012\/10\/3A-GR06-Conflict-on-the-Frontier-thumb1.jpg\" alt=\"Une sc\u00e8ne sur les terres de colonisation illustrant la fa\u00e7on de faire des Britanniques \u00ab\u00a0humanitaires \u00bb et de leurs \u00ab\u00a0valeureux \u00bb alli\u00e9s \" width=\"305\" height=\"207\" srcset=\"https:\/\/www.warmuseum.ca\/war-of-1812\/files\/2012\/10\/3A-GR06-Conflict-on-the-Frontier-thumb1.jpg 305w, https:\/\/www.warmuseum.ca\/war-of-1812\/files\/2012\/10\/3A-GR06-Conflict-on-the-Frontier-thumb1-300x203.jpg 300w\" sizes=\"(max-width: 305px) 100vw, 305px\" \/><\/a><p class=\"caption-title\">Conflit aux fronti\u00e8res<\/p><div class=\"hover-content\"><div class=\"copy\"><p><strong>Une sc\u00e8ne sur les terres de colonisation illustrant la fa\u00e7on de faire des Britanniques \u00ab\u00a0humanitaires \u00bb et de leurs \u00ab\u00a0valeureux \u00bb alli\u00e9s\r\n<\/strong><\/p><pre>Gravure de William Charles, 1812 \r\nAnne S.\u00a0K. Brown Military Collection, Brown University Library, Providence, Rhode Island<\/pre><\/div><\/div>\n<\/div>\n<div class=\"grid grid_4\">\n<a class=\"war-content\" title=\"Attaques contre la souverainet\u00e9\" href=\"https:\/\/www.warmuseum.ca\/war-of-1812\/content_assets\/attaques-contre-la-souverainete\/\"><img loading=\"lazy\" decoding=\"async\" class=\"size-full page-image wp-image-961\" title=\"Enr\u00f4lement forc\u00e9 de marins am\u00e9ricains\" src=\"https:\/\/www.warmuseum.ca\/war-of-1812\/files\/2012\/10\/3A-GR07-Sovereignty-Attacked-thumb1.jpg\" alt=\"Enr\u00f4lement forc\u00e9 de marins am\u00e9ricains\" width=\"305\" height=\"207\" srcset=\"https:\/\/www.warmuseum.ca\/war-of-1812\/files\/2012\/10\/3A-GR07-Sovereignty-Attacked-thumb1.jpg 305w, https:\/\/www.warmuseum.ca\/war-of-1812\/files\/2012\/10\/3A-GR07-Sovereignty-Attacked-thumb1-300x203.jpg 300w\" sizes=\"(max-width: 305px) 100vw, 305px\" \/><\/a><p class=\"caption-title\">Attaques contre la souverainet\u00e9<\/p><div class=\"hover-content\"><div class=\"copy\"><p><strong>Enr\u00f4lement forc\u00e9 de marins am\u00e9ricains<\/strong><\/p><pre>Gravure d\u2019un artiste inconnu, 1884\r\nGracieusement fournie par la Library of Congress, Washington, D. C.<\/pre><\/div><\/div>\n<\/div>\n<\/div>\n","protected":false},"excerpt":{"rendered":"<p>Les dirigeants am\u00e9ricains qui pr\u00f4naient la guerre \u00e9voquaient le besoin de prot\u00e9ger la souverainet\u00e9, l\u2019\u00e9conomie et le territoire des \u00c9tats-Unis contre les agressions de la Grande-Bretagne. Ces \u00ab faucons \u00bb esp\u00e9raient ainsi pousser la Grande-Bretagne \u00e0 abolir trois pratiques qui mena\u00e7aient les \u00c9tats-Unis. Le maintien des relations entre les Britanniques et les Autochtones am\u00e9ricains oppos\u00e9s [&hellip;]<\/p>\n","protected":false},"author":1,"featured_media":0,"parent":219,"menu_order":2,"comment_status":"open","ping_status":"open","template":"","meta":{"footnotes":""},"_links":{"self":[{"href":"https:\/\/www.warmuseum.ca\/war-of-1812\/wp-json\/wp\/v2\/pages\/414"}],"collection":[{"href":"https:\/\/www.warmuseum.ca\/war-of-1812\/wp-json\/wp\/v2\/pages"}],"about":[{"href":"https:\/\/www.warmuseum.ca\/war-of-1812\/wp-json\/wp\/v2\/types\/page"}],"author":[{"embeddable":true,"href":"https:\/\/www.warmuseum.ca\/war-of-1812\/wp-json\/wp\/v2\/users\/1"}],"replies":[{"embeddable":true,"href":"https:\/\/www.warmuseum.ca\/war-of-1812\/wp-json\/wp\/v2\/comments?post=414"}],"version-history":[{"count":15,"href":"https:\/\/www.warmuseum.ca\/war-of-1812\/wp-json\/wp\/v2\/pages\/414\/revisions"}],"predecessor-version":[{"id":804,"href":"https:\/\/www.warmuseum.ca\/war-of-1812\/wp-json\/wp\/v2\/pages\/414\/revisions\/804"}],"up":[{"embeddable":true,"href":"https:\/\/www.warmuseum.ca\/war-of-1812\/wp-json\/wp\/v2\/pages\/219"}],"wp:attachment":[{"href":"https:\/\/www.warmuseum.ca\/war-of-1812\/wp-json\/wp\/v2\/media?parent=414"}],"curies":[{"name":"wp","href":"https:\/\/api.w.org\/{rel}","templated":true}]}}