{"id":448,"date":"2012-10-31T20:35:31","date_gmt":"2012-10-31T20:35:31","guid":{"rendered":"https:\/\/www.warmuseum.ca\/war-of-1812\/?page_id=448"},"modified":"2012-12-04T17:11:30","modified_gmt":"2012-12-04T17:11:30","slug":"lentree-en-guerre","status":"publish","type":"page","link":"https:\/\/www.warmuseum.ca\/war-of-1812\/explorez-histoire\/la-guerre-des-britanniques\/lentree-en-guerre\/","title":{"rendered":"L\u2019entr\u00e9e en guerre"},"content":{"rendered":"<p>La Royal Navy et un blocus \u00e9conomique, ex\u00e9cut\u00e9 par les navires de guerre britanniques, furent les deux armes les plus efficaces dans le combat men\u00e9 contre Napol\u00e9on. Aux prises avec un besoin croissant de marins qualifi\u00e9s, la Royal Navy ignora la souverainet\u00e9 et la citoyennet\u00e9 des \u00c9tats-Unis en arraisonnant leurs navires en mer et en enr\u00f4lant quiconque jug\u00e9 par elle comme \u00e9tant un sujet britannique. Pendant ce temps, la l\u00e9gislation britannique en mati\u00e8re de  commerce r\u00e9gissait les conditions selon lesquelles les Am\u00e9ricains pouvaient, ou non, avoir des \u00e9changes commerciaux avec l\u2019Europe.<\/p>\n<article>\n<div class=\"grid-row\">\n<div class=\"grid grid_4\">\n<a class=\"war-content\" title=\"La guerre des Britanniques contre la France\" href=\"https:\/\/www.warmuseum.ca\/war-of-1812\/content_assets\/la-guerre-des-britanniques-contre-la-france\/\"><img loading=\"lazy\" decoding=\"async\" class=\"size-full page-image wp-image-1087\" title=\"L\u2019empereur Napol\u00e9on, dans son cabinet des Tuileries\" src=\"https:\/\/www.warmuseum.ca\/war-of-1812\/files\/2012\/10\/3B-GR05-The-Emperor-Napoleon-in-His-Study-at-the-Tuileries-thumb.jpg\" alt=\"L\u2019empereur Napol\u00e9on, dans son cabinet des Tuileries\" width=\"305\" height=\"207\" srcset=\"https:\/\/www.warmuseum.ca\/war-of-1812\/files\/2012\/10\/3B-GR05-The-Emperor-Napoleon-in-His-Study-at-the-Tuileries-thumb.jpg 305w, https:\/\/www.warmuseum.ca\/war-of-1812\/files\/2012\/10\/3B-GR05-The-Emperor-Napoleon-in-His-Study-at-the-Tuileries-thumb-300x203.jpg 300w\" sizes=\"(max-width: 305px) 100vw, 305px\" \/><\/a><p class=\"caption-title\">La guerre des Britanniques contre la France<\/p><div class=\"hover-content\"><div class=\"copy\"><p><strong>L\u2019empereur Napol\u00e9on, dans son cabinet des Tuileries<\/strong><\/p><pre>Peinture de Jacques-Louis David, 1812\r\nNational Gallery of Art, Washington, D. C.<\/pre><\/div><\/div>\n<\/div>\n<div class=\"grid grid_4\">\n<a class=\"war-content\" title=\"Le besoin de marins\" href=\"https:\/\/www.warmuseum.ca\/war-of-1812\/content_assets\/le-besoin-de-marins\/\"><img loading=\"lazy\" decoding=\"async\" class=\"size-full page-image wp-image-1097\" title=\"Le Castor et autres navires dans une mer agit\u00e9e\" src=\"https:\/\/www.warmuseum.ca\/war-of-1812\/files\/2012\/10\/3B-GR06-The-Ship-Castor-and-Other-Vessels-in-a-Choppy-Sea-thumb.jpg\" alt=\"Le Castor et autres navires dans une mer agit\u00e9e\" width=\"305\" height=\"207\" srcset=\"https:\/\/www.warmuseum.ca\/war-of-1812\/files\/2012\/10\/3B-GR06-The-Ship-Castor-and-Other-Vessels-in-a-Choppy-Sea-thumb.jpg 305w, https:\/\/www.warmuseum.ca\/war-of-1812\/files\/2012\/10\/3B-GR06-The-Ship-Castor-and-Other-Vessels-in-a-Choppy-Sea-thumb-300x203.jpg 300w\" sizes=\"(max-width: 305px) 100vw, 305px\" \/><\/a><p class=\"caption-title\">Le besoin de marins<\/p><div class=\"hover-content\"><div class=\"copy\"><p><strong>Le Castor et autres navires dans une mer agit\u00e9e<\/strong><\/p><pre>Peinture de Thomas Luny, 1802\r\nNational Maritime Museum, Greenwich, Royaume-Uni, BHC 3251<\/pre><\/div><\/div>\n<\/div>\n<\/div>\n<div class=\"grid-row\">\n<div class=\"grid grid_4\">\n<a class=\"war-content\" title=\"Les relations avec les Autochtones am\u00e9ricains\" href=\"https:\/\/www.warmuseum.ca\/war-of-1812\/content_assets\/les-relations-avec-les-autochtones-americains\/\"><img loading=\"lazy\" decoding=\"async\" class=\"size-full page-image wp-image-1106\" title=\"Une d\u00e9l\u00e9gation d\u2019Autochtones des tribus du Mississippi rencontre le gouverneur en chef de l\u2019Am\u00e9rique du Nord, George Prevost\" src=\"https:\/\/www.warmuseum.ca\/war-of-1812\/files\/2012\/10\/3B-GR07-Contacts-with-Native-Americans-thumb.jpg\" alt=\"Une d\u00e9l\u00e9gation d\u2019Autochtones des tribus du Mississippi rencontre le gouverneur en chef de l\u2019Am\u00e9rique du Nord, George Prevost\" width=\"305\" height=\"207\" srcset=\"https:\/\/www.warmuseum.ca\/war-of-1812\/files\/2012\/10\/3B-GR07-Contacts-with-Native-Americans-thumb.jpg 305w, https:\/\/www.warmuseum.ca\/war-of-1812\/files\/2012\/10\/3B-GR07-Contacts-with-Native-Americans-thumb-300x203.jpg 300w\" sizes=\"(max-width: 305px) 100vw, 305px\" \/><\/a><p class=\"caption-title\">Les relations avec les Autochtones am\u00e9ricains<\/p><div class=\"hover-content\"><div class=\"copy\"><p><strong>Une d\u00e9l\u00e9gation d\u2019Autochtones des tribus du Mississippi rencontre le gouverneur en chef de l\u2019Am\u00e9rique du Nord, George Prevost<\/strong><\/p><pre>Peinture de Rudolph von Steiger, 1814\r\nBiblioth\u00e8que et Archives Canada, 1989-264-1<\/pre><\/div><\/div>\n<\/div>\n<\/div>\n<\/article>\n","protected":false},"excerpt":{"rendered":"<p>La Royal Navy et un blocus \u00e9conomique, ex\u00e9cut\u00e9 par les navires de guerre britanniques, furent les deux armes les plus efficaces dans le combat men\u00e9 contre Napol\u00e9on. Aux prises avec un besoin croissant de marins qualifi\u00e9s, la Royal Navy ignora la souverainet\u00e9 et la citoyennet\u00e9 des \u00c9tats-Unis en arraisonnant leurs navires en mer et en [&hellip;]<\/p>\n","protected":false},"author":1,"featured_media":0,"parent":433,"menu_order":2,"comment_status":"open","ping_status":"open","template":"","meta":{"footnotes":""},"_links":{"self":[{"href":"https:\/\/www.warmuseum.ca\/war-of-1812\/wp-json\/wp\/v2\/pages\/448"}],"collection":[{"href":"https:\/\/www.warmuseum.ca\/war-of-1812\/wp-json\/wp\/v2\/pages"}],"about":[{"href":"https:\/\/www.warmuseum.ca\/war-of-1812\/wp-json\/wp\/v2\/types\/page"}],"author":[{"embeddable":true,"href":"https:\/\/www.warmuseum.ca\/war-of-1812\/wp-json\/wp\/v2\/users\/1"}],"replies":[{"embeddable":true,"href":"https:\/\/www.warmuseum.ca\/war-of-1812\/wp-json\/wp\/v2\/comments?post=448"}],"version-history":[{"count":18,"href":"https:\/\/www.warmuseum.ca\/war-of-1812\/wp-json\/wp\/v2\/pages\/448\/revisions"}],"predecessor-version":[{"id":2396,"href":"https:\/\/www.warmuseum.ca\/war-of-1812\/wp-json\/wp\/v2\/pages\/448\/revisions\/2396"}],"up":[{"embeddable":true,"href":"https:\/\/www.warmuseum.ca\/war-of-1812\/wp-json\/wp\/v2\/pages\/433"}],"wp:attachment":[{"href":"https:\/\/www.warmuseum.ca\/war-of-1812\/wp-json\/wp\/v2\/media?parent=448"}],"curies":[{"name":"wp","href":"https:\/\/api.w.org\/{rel}","templated":true}]}}